e 2*u - 5*u = -90. What is the tens digit of u?
3
What is the hundreds digit of 616/6 - (0 + (-8)/(-12))?
1
Let h = -17 - -41. What is the units digit of h?
4
Let j = 1 + 11. Suppose -3 = -3*a + j. Suppose -41 = -4*l - g - 9, 4*g - 40 = -a*l. What is the units digit of l?
8
Suppose -6*y = -73 + 7. What is the tens digit of y?
1
Let d(z) = -z**2 + 7*z - 4. Let p be (-1 - -3)/1 + 3. Let i be d(p). Suppose i = -w + 4*w. What is the units digit of w?
2
Let p be 22/3 + 8/12. Suppose 18 = -p*u + 9*u. What is the units digit of u?
8
Suppose 3*c + c - 32 = 0. What is the units digit of c?
8
Let q(w) = -2*w + 1. Let a be q(-4). Let y(s) = -s + 12. Let t be y(a). Suppose -4*c + 2*x = -5*c + 2, -5*c + t*x = -10. What is the units digit of c?
2
Suppose -5*f + 3*r = -68, 3*f - 5*f + 24 = 2*r. What is the units digit of f?
3
Let d(s) = -10*s**2 - s**3 + 10 + s**2 + 2*s - 3*s. What is the units digit of d(-9)?
9
Let h = 29 - 16. What is the tens digit of h?
1
Suppose 0 = -f + 91 + 19. What is the tens digit of (f/(-40))/((-1)/4)?
1
Suppose -5 - 95 = 5*c. Let b = 43 - 11. Let p = b + c. What is the tens digit of p?
1
Let n = 124 + -65. What is the units digit of n?
9
Suppose 47 + 52 = 3*o. What is the tens digit of o?
3
Suppose 3*t = -5*a - 1, t + t - 5*a - 16 = 0. Suppose -f = -2*c - 6, -3*f - t*c = -2*f - 11. What is the units digit of f?
8
Let i = 45 + -72. What is the units digit of 3 + -2 + 0 - i?
8
Let h be (-210)/(-4)*(-48)/20. What is the tens digit of 15/2*h/(-35)?
2
Let y(o) = 3 - o + 0 - 6 + 2. What is the units digit of y(-9)?
8
Let g = -3 + 4. Let m(u) be the first derivative of 4*u**2 + 1. What is the units digit of m(g)?
8
Let f(h) = 7*h + 2. What is the units digit of f(1)?
9
Let m(k) be the third derivative of -k**5/60 + k**4/4 + 5*k**3/6 - 3*k**2. What is the units digit of m(6)?
5
Let t = -183 + 276. What is the tens digit of t?
9
Let y(j) = j**2 - 4*j - 4. Let p be y(5). Suppose 2*o = -11 + p. Let x = o + 16. What is the tens digit of x?
1
Let x be (1 - 2) + 0 + -8. Let h = -4 - x. Suppose 34 + 6 = h*j. What is the units digit of j?
8
Let k be (-18)/99 - 70/(-22). Let u = -2 + k. What is the units digit of u?
1
Let d(t) = -t**3 - 4*t**2 + 3. Let a = 13 - 3. Suppose 5*n + 10 = -a. What is the units digit of d(n)?
3
Let s(k) = -4*k**3 - k**2 + 2*k - 2. Let i be s(-3). Suppose -n - o + 44 = 0, 4*o + i + 9 = 2*n. What is the tens digit of 2/(-4) + n/4?
1
Suppose -3*u = -u - 58. What is the tens digit of u?
2
Let j(z) = -4*z**3 + 2*z**2 - 1. Suppose -r - 3 = -2. What is the units digit of j(r)?
5
Suppose 3*r - 7*r = 0. What is the units digit of r - (-3)/((-3)/(-2))?
2
Let u = -7 + 26. Let p = 4 + u. What is the units digit of p?
3
Let k(n) = -n**3 + 15*n**2 + 17*n + 33. What is the tens digit of k(16)?
4
Let a(h) = -h**3 - 2*h - 3. What is the units digit of a(-3)?
0
Suppose -4*a + 0*a = 3*j + 13, 0 = -5*j - 2*a - 17. Let g be (-14)/j - 6/9. Suppose 2*v - 29 = -v - 2*z, -g*v + 3*z + 16 = 0. What is the units digit of v?
7
Let o = 12 - 21. Let f = o - -11. What is the units digit of f?
2
Suppose 0*b + 4*b = d + 24, 3*d = -2*b - 2. Suppose -b*l = -11 - 9. Suppose 4 = l*s - 12. What is the units digit of s?
4
Suppose 3*k + 2*n = 39 - 7, 2*n - 8 = -k. What is the tens digit of 228/k + (-3 - 0)?
1
Let b = -5 - 1. Let s(t) = -2*t + 6. Let d be s(b). Suppose i + 3*h = d, 7*h - 2*h + 12 = 3*i. What is the units digit of i?
9
Let o be 5*((-7)/5 - -2). Let n(b) = 1 - 3*b - o - b. What is the units digit of n(-2)?
6
What is the units digit of (1/2)/((-13)/(-1144))?
4
Suppose -4 - 20 = 3*a. Let x(b) = b**2 + 8*b - 10. Let f be x(a). Let o = f - -27. What is the tens digit of o?
1
Let l(p) = p**2 - 10*p + 10. Let i(q) = -q**2 + 8*q - 2. Let j be i(6). What is the tens digit of l(j)?
1
Let k(t) = t**3 - 6*t**2 + 7*t - 9. What is the tens digit of k(6)?
3
Suppose 0 = -4*o - 13 - 3. Let z be 275/44 + 1/o. Suppose 0*u = -u + z. What is the units digit of u?
6
Suppose 2*n = -h + 3 + 11, 0 = -5*n + 5*h + 20. Let j(s) = 4*s + 1. Let z be j(n). Suppose -4*c + 72 = 4*r, 8*c = 3*c + z. What is the units digit of r?
3
Let f = -8 + 12. Let j = f - -24. What is the units digit of j?
8
Suppose 5*k + 20 = -y - 4*y, 12 = -k - 3*y. Let x = k - -1. What is the units digit of x?
1
Let q(w) = -w**3 + 13*w**2 - 14*w - 11. Let t be q(12). What is the units digit of 21/t - (-76)/10?
7
What is the tens digit of (102*2 - (-1 - 2)) + 0?
0
Suppose 15*r + 20 = 17*r. What is the units digit of r?
0
Suppose 6*i = 105 + 195. What is the units digit of i?
0
Let l be (-48)/36*6/4. Let g(n) = -12*n + 9. Let h(m) = 6*m - 4. Let v(r) = -6*g(r) - 13*h(r). What is the units digit of v(l)?
0
Let l(c) = -3*c**3 + 4*c**2 + 2*c - 2. Let m = -13 - -11. What is the tens digit of l(m)?
3
Suppose -32 = -3*d - 14. What is the units digit of d?
6
Let g(z) = 2*z - 1. Let t(h) = -h + 4. Let o be t(2). Let q be g(o). Suppose -4 = -w + q. What is the units digit of w?
7
Let z(w) = -w**2 - 3*w + 2. Let r be z(-3). Suppose -3*f + 16 = -5*x - 7, -x = -r*f + 6. What is the units digit of f?
1
Suppose -5*i = 2*j + 3, -4*i - 5*j + 0*j = 16. What is the units digit of 65/20 + i/(-4)?
3
Let g(v) = -v**2 + 6*v - 3. Let n be g(7). Let l = 21 + n. What is the tens digit of l?
1
Suppose 0*w - 180 = -3*w. What is the tens digit of w?
6
Let p = 0 - 1. Let z = p - 2. Let q = z - -6. What is the units digit of q?
3
Suppose 2*b - b + 8 = -r, 2*b = r + 5. What is the units digit of (7 - 3)*r/(-2)?
4
Suppose -3*l = -2*i - 4, 0*i - 24 = -3*i - 3*l. Let h(u) = u**2 + 2*u - 6. What is the units digit of h(i)?
8
Let w = 0 - -4. Suppose -78*m = -82*m + 32. Let g = m - w. What is the units digit of g?
4
Let m = -7 + 7. Suppose m = 2*z + z. Suppose z*s + 34 = 2*s. What is the units digit of s?
7
Let s = -363 + 775. What is the units digit of s?
2
Suppose 0 = -u - 3, x + 5*u + 61 = 3*x. Suppose -27 = -5*n + x. What is the tens digit of n?
1
What is the units digit of ((-12)/3)/4 - -22?
1
Let d be (-4295)/(-35) - (-4)/14. Suppose -u = -3*x + d, -5*x + 168 = -5*u - 47. Suppose 2*m = -2*b + x, -4*b + 71 = -6*m + m. What is the units digit of b?
9
Let l(a) = a**2 + 6*a + 1. Let h be l(-11). Suppose 4*n = 2*v + h, 0 = -5*n - 5*v + 43 - 3. What is the units digit of n?
2
Let z(t) = -t - 5. What is the units digit of z(-7)?
2
Let y(f) = f**2 - 4*f - 4. Let i be y(4). What is the units digit of (-668)/(-20) - i/(-10)?
3
Let m(c) = -19*c**3 - c. Let o(w) = -w + 7. Let x be o(5). Suppose -3*t - 3*p + x = 2*p, 2*p - 7 = 5*t. What is the tens digit of m(t)?
2
Let c be (0 + (-2 - -1))*-1. Let j(b) = -7*b**3 + b**2 + 2*b**3 + c - 2*b**2 + b - 7*b**3. What is the units digit of j(-1)?
1
Suppose 0 = -b - j - 2 + 10, -9 = 3*j. Suppose 5*s = 4*y + 4*s - 59, -y = -4*s - b. What is the tens digit of y?
1
Let d(z) = -z**3 - 6*z**2 - z + 4. Let b be d(-4). Let f = b + 52. What is the tens digit of f?
2
Suppose 5*y - 15 = -3*s + 1, s = y + 8. Let q = s + 2. What is the units digit of q?
9
Let x(j) = -j**2 + 5*j - 2. Let t be x(4). Suppose 1 = -t*a - 1. What is the units digit of ((-2)/(-1))/(a/(-2))?
4
Suppose 31*x - 1064 = 27*x. What is the hundreds digit of x?
2
Let z be (-11)/9 - 10/(-45). Let a = 3 + z. What is the units digit of a?
2
Suppose n - 14 = 35. What is the units digit of n?
9
Suppose 5*r - 34 = -4*c, 2*c - 8 = -c + 5*r. Suppose -c = v + 3*y, 3*v - 6*y = -y - 4. What is the units digit of (-18)/v*(-6)/(-4)?
9
Suppose -5*t - 42 - 71 = -q, t + 109 = q. What is the tens digit of q?
0
Let q(t) = 14*t**2. What is the units digit of q(1)?
4
Let p = 19 + -17. What is the units digit of 245/10 - p/(-4)?
5
What is the tens digit of (-5)/(15/(-12)) - -64?
6
What is the tens digit of (-881)/(-10) - 2/20?
8
Let o(z) = 4*z - 1. Suppose w = -2*i - 4 + 1, -i + 16 = -3*w. Let u be o(i). Suppose 0 = -8*g + u*g + 50. What is the tens digit of g?
1
Suppose 3*j = 2*j + 4. Let h = j - 4. Suppose -5*z + 3*z + 2 = h. What is the units digit of z?
1
Let j(p) = 5*p - 9. Suppose -3*k + 27 = 4*v, 3*v - 19 = -0*v - k. What is the units digit of j(v)?
1
Let p(i) = -i**3 + 5*i**2 + 2*i + 5. What is the units digit of p(4)?
9
Suppose 4*j - 2 - 6 = 0. Suppose n = 0, -j*s - n - 8 = -0. What is the units digit of 30/4 + 2/s?
7
Suppose -1 = 2*a - 5*c, -2 - 2 = -a - 2*c. L